e r(245).
246
Let l(y) = -2131*y - 117186. Give l(-55).
19
Let z(v) = 304270*v + 2434121. Calculate z(-8).
-39
Let g(v) = 55605*v - 5616094. What is g(101)?
11
Let h(q) = 23*q**2 - 189*q + 233. Calculate h(7).
37
Let q(z) = -z**3 - 254*z**2 + 327*z - 47357. Give q(-256).
3
Let g(l) = 12*l**2 - 74*l + 692. What is g(19)?
3618
Let b(s) = -16*s**2 + 181*s - 64. Calculate b(15).
-949
Let u(s) = 191*s**2 + 24996*s - 3290. Calculate u(-131).
-15
Let f(j) = -20*j**2 + 4037*j + 1151. Determine f(202).
545
Let a(c) = c**3 - 28*c**2 + 1736*c - 48603. Determine a(28).
5
Let h(k) = -153*k**3 + 7*k**2 + 5*k - 2. Calculate h(-1).
153
Let x(y) = 267*y**2 + 1067*y - 11. Determine x(-4).
-7
Let h(u) = u**3 - 240*u**2 - 1188*u - 9101. Give h(245).
-36
Let g(y) = 205889*y + 617675. Calculate g(-3).
8
Let o(t) = -t**3 + 51*t**2 - 130*t + 4007. Determine o(50).
7
Let j(p) = 187*p**2 + 23*p + 59. Give j(-3).
1673
Let d(j) = 329*j**2 - 1657*j + 97. Calculate d(5).
37
Let u(m) = -884*m**2 + 32*m - 35. Calculate u(1).
-887
Let m(b) = -2*b**2 + 92*b - 808. Give m(16).
152
Let m(b) = -52*b**3 - 54*b**2 - 116*b - 113. Calculate m(-1).
1
Let g(i) = -84*i - 897. Give g(-20).
783
Let g(v) = 31494*v + 63275. What is g(-2)?
287
Let l(v) = 4*v**2 - 1122*v + 37346. Determine l(38).
486
Let l(x) = -15*x**3 + 83*x**2 + 75*x - 8. Calculate l(-1).
15
Let z(n) = 2*n**3 + 448*n**2 - 6*n - 1626. Calculate z(-224).
-282
Let r(d) = -2*d**2 + 92*d - 777. Determine r(10).
-57
Let h(r) = -8593*r + 42955. What is h(5)?
-10
Let r(w) = -w**3 + 312*w**2 + 1251*w + 4102. Give r(316).
-6
Let x(o) = 99*o - 5817. Calculate x(63).
420
Let w(g) = -g**2 + 1190*g + 50470. Calculate w(-41).
-1
Let m(i) = -i**3 - 11*i**2 + 1227*i + 1506. Determine m(31).
-819
Let z(m) = -m**3 + 223*m - 158. What is z(0)?
-158
Let v(g) = -g**3 + 329*g**2 + 165*g + 275889. Determine v(332).
-3
Let q(d) = 3551*d - 6675859. Determine q(1880).
21
Let c(b) = b**3 + 107*b**2 + 99*b - 196. Determine c(-106).
546
Let j(y) = 12*y**2 - y - 42. What is j(-8)?
734
Let q(m) = m**3 - 63*m**2 - 343*m + 5018. Determine q(67).
-7
Let h(p) = -2*p**3 + 24*p**2 + 153*p - 1856. Give h(9).
7
Let x(o) = 40*o + 5001. Calculate x(-120).
201
Let s(p) = 4*p**3 + 80*p**2 - 30*p - 2. Give s(0).
-2
Let u(o) = 1476*o - 26134. Calculate u(18).
434
Let r(k) = 732*k**2 - 53442*k + 169. Calculate r(73).
-269
Let u(d) = d**2 - 5013*d - 263383. Determine u(-52).
-3
Let l(j) = j**3 + 37*j**2 + 336*j + 9. What is l(-20)?
89
Let t(w) = -2*w**2 + 15023*w - 210208. Give t(14).
-278
Let k(b) = -2*b**3 - 152*b**2 + 2118*b + 582. Determine k(-88).
54
Let i(s) = -112*s**2 + 5725*s - 647. What is i(51)?
16
Let j(z) = 223*z + 3246. Calculate j(-14).
124
Let q(s) = -2972*s + 32682. Calculate q(11).
-10
Let i(s) = -72*s**2 - 761*s + 3164. Calculate i(4).
-1032
Let g(x) = -x**3 + 5467*x**2 - 43947*x + 2210. Calculate g(8).
10
Let b(y) = -9*y**2 - 1259*y + 12466. What is b(10)?
-1024
Let p(y) = 135*y**2 + 3640*y - 254. What is p(-27)?
-119
Let f(d) = 122*d + 580. Give f(-9).
-518
Let w(d) = 950*d - 69431. Calculate w(73).
-81
Let g(l) = -l**2 - 40250*l - 281687. Determine g(-7).
14
Let w(t) = -52528*t - 3781990. What is w(-72)?
26
Let v(i) = -i**2 + 447*i - 28343. Give v(75).
-443
Let p(y) = -y**3 - 16*y**2 + 17*y + 623. Give p(-17).
623
Let w(m) = -961*m - 77847. What is w(-81)?
-6
Let d(o) = -3*o**2 - 28*o + 18. Determine d(-7).
67
Let m(s) = -2*s**3 + 188*s**2 + 157*s + 1509. What is m(95)?
-1626
Let w(n) = -n**3 + 20*n**2 + 1894*n - 26240. What is w(14)?
1452
Let k(r) = 698*r + 40355. Calculate k(-58).
-129
Let g(o) = -3806*o - 228371. Calculate g(-60).
-11
Let j(d) = 1625086*d + 19501040. What is j(-12)?
8
Let k(t) = -2*t**3 - 656*t**2 - 1300*t - 365. Calculate k(-326).
-1669
Let o(l) = -6*l**2 - 41*l + 63. What is o(3)?
-114
Let p(a) = 25*a**2 - 1093*a + 1400. Determine p(44).
1708
Let r(z) = -4747250*z - 4747254. Give r(-1).
-4
Let c(o) = -6*o**3 - 6*o**2 + 61*o + 3. Give c(0).
3
Let d(q) = -14*q**2 + 123*q + 108. Give d(10).
-62
Let g(u) = 2680*u + 50671. Give g(-19).
-249
Let d(h) = 5*h**2 - 249*h - 11166. Determine d(-32).
1922
Let f(b) = -b**3 - 27*b**2 - 52*b - 103. Determine f(-24).
-583
Let y(r) = -r**3 - 27*r**2 - 38*r + 1242. Calculate y(-23).
0
Let j(c) = -5*c**3 - 166*c**2 - 47*c + 25. Determine j(-33).
487
Let v(i) = -i**3 + 51*i**2 + 53380*i + 6704. Determine v(258).
-4
Let s(c) = -c**2 + 478*c - 38340. Give s(376).
12
Let m(k) = -1052*k + 184086. Determine m(175).
-14
Let v(n) = 20549*n - 924712. Calculate v(45).
-7
Let t(o) = 15*o**2 + 975*o - 2466. What is t(-68)?
594
Let m(x) = 16*x**2 + 105*x - 9411. Give m(21).
-150
Let k(q) = 14067*q - 1167560. What is k(83)?
1
Let o(c) = -c**2 + 33797*c + 1251844. Determine o(-37).
-14
Let u(p) = 140*p + 1758. Calculate u(-11).
218
Let y(j) = -14010*j + 28408. Give y(2).
388
Let a(f) = -f**2 + 471*f + 33364. What is a(-62)?
318
Let m(t) = -16665*t + 113. What is m(0)?
113
Let b(j) = j**2 + 1500*j - 55383. What is b(36)?
-87
Let u(a) = -a**3 + 417*a**2 + 16301*a + 3167. Calculate u(453).
-4
Let m(n) = n**3 - 215*n**2 - 5529*n + 13096. Give m(238).
6
Let w(x) = -5293*x - 290987. What is w(-55)?
128
Let f(p) = -25*p**2 + 263*p + 1208. Calculate f(14).
-10
Let h(c) = 10874*c + 1989944. Determine h(-183).
2
Let j(x) = 13*x**2 + 2622*x - 14298. What is j(-207)?
-15
Let x(n) = 762*n - 5585. What is x(7)?
-251
Let j(o) = o**3 + 31*o**2 + 189*o + 13. What is j(-8)?
-27
Let j(i) = -25*i**3 - 131*i**2 - 1108*i - 5411. Determine j(-5).
-21
Let i(b) = b**3 - 2332*b**2 - 2228*b - 244971. Determine i(2333).
-6
Let a(n) = -n**2 + 20479*n - 3673942. What is a(181)?
-4
Let i(o) = 6*o**3 - 495*o**2 + 9590*o + 2498. What is i(51)?
-1
Let z(x) = 3*x**2 - 61*x - 61. Calculate z(21).
-19
Let m(v) = v**3 + 12*v**2 + 145*v - 2143. What is m(7)?
-197
Let k(c) = 3*c**3 + 157*c**2 - 123*c - 9089. Give k(-52).
11
Let z(d) = d**2 + 263*d - 80. What is z(0)?
-80
Let b(q) = -12*q**2 + 340*q - 958. Determine b(8).
994
Let j(n) = 2*n**3 + 12*n**2 + 103*n + 195. Determine j(-12).
-2769
Let l(r) = r**2 + 10*r + 369. Give l(-17).
488
Let t(y) = -4*y**3 - 1428*y**2 + 1515*y + 29695. Determine t(-358).
-19
Let n(k) = -23*k**2 + 137*k + 610. Give n(11).
-666
Let k(y) = -y**3 - 24*y**2 + 358*y - 769. What is k(-34)?
-1381
Let f(g) = -2*g**3 - 14*g**2 + 28499*g + 312520. Give f(-11).
-1
Let f(d) = -2537*d - 73632. Calculate f(-29).
-59
Let i(a) = -12292*a - 393335. Determine i(-32).
9
Let d(v) = 325*v**2 - 551*v + 15. Give d(3).
1287
Let t(d) = -d**3 - 43*d**2 + 445*d - 22. Give t(9).
-229
Let u(w) = -w**3 - 83*w**2 - 533*w - 8386. Calculate u(-77).
-2919
Let x(f) = -16*f**3 - 950*f**2 + 566*f - 2051. Give x(-60).
-11
Let r(f) = -5*f**2 - 9094*f + 9091. Calculate r(1).
-8
Let h(m) = -446*m - 1010. What is h(-7)?
2112
Let d(a) = -2*a**3 - 31*a**2 - 1254*a - 18587. What is d(-15)?
-2
Let b(j) = -13*j**2 + 474*j + 1561. Determine b(40).
-279
Let y(p) = p**2 + 851*p + 24587. Give y(-30).
-43
Let o(j) = -49*j**2 - 1464*j - 9144. What is o(-21)?
-9
Let x(f) = -9460*f + 519671. What is x(55)?
-629
Let j(q) = -246*q**3 + 6*q**2 + q - 19. Calculate j(-2).
1971
Let c(u) = -7775*u - 15547. Calculate c(-2).
3
Let j(o) = 110*o**2 + 2620*o - 117. Give j(-24).
363
Let r(a) = -11*a**2 - 99910*a + 299736. Give r(3).
-93
Let l(i) = -3*i**2 - 1374*i + 93252. Determine l(60).
12
Let c(t) = 21549*t + 4115869. Give c(-191).
10
Let b(s) = -s**3 - 240*s**2 - 12*s - 2890. Calculate b(-240).
-10
Let f(k) = -6117*k**2 + 42820*k - 29. Determine f(7).
-22
Let o(p) = -1694637*p + 16946374. Determine o(10).
4
Let i(p) = 2208*p + 2222. Calculate i(-1).
14
Let l(p) = -17*p**3 - 621*p**2 + 3169*p + 2164. What is l(-41)?
-9
Let z(t) = t**2 - 1129*t + 10183. Determine z(9).
103
Let w(s) = -24*s**3 - 2*s**2 + 227*s - 661. Determine w(3).
-646
Let b(a) = -322563*a - 19676341. Give b(-61).
2
Let b(y) = -y**2 - 154*y - 5851. Give b(-93).
-178
Let d(k) = -k**3 - 3243*k**2 + 98189*k + 8. Determine d(30).
-22
Let u(j) = -j**3 - 30*j**2 + 342*j - 371. Give u(-39).
-20
Let l(x) = 3*x**2 + 266*x - 6076. What is l(-107)?
-191
Let t(u) = 2*u**3 - 40*u**2 + 150*u + 49. Determine t(11).
-479
Let x(o) = -o**3 + 176*o**2 - 2033*o + 10675. Give x(164).
15
Let t(w) = 976*w + 18021. Calculate t(-18).
